-b**3 - 2*b - 1. Let v be k(0). Is (-33)/(-9)*(2 - v) composite?
False
Let o = 4734 - 973. Is o a composite number?
False
Suppose -10374 - 86881 = -5*b. Is b prime?
False
Let u(m) = -m**3 - m**2 - 4*m + 3. Let f(j) = j**2 + 12*j + 6. Let d be f(-11). Is u(d) a prime number?
False
Suppose k - 2*n + 2 = -3*k, 0 = 3*k - 4*n + 14. Suppose 0 = 3*r - r + 3*a - 1271, -r = -k*a - 625. Is r composite?
False
Let n(w) = -37*w**2 - 3*w - 3*w**2 + 1 + w. Let t be n(1). Let i = t + 100. Is i a prime number?
True
Suppose -4*s = -181798 + 21306. Is s composite?
False
Is 5263 - (2*6)/(-5 + 3) composite?
True
Let k(u) = u**3 - 2*u - 1. Let x be k(2). Suppose x*m - 5*p = 4*m - 11677, 0 = 4*m - 4*p - 46612. Is m composite?
False
Is 47788 - (-6)/(-6 + 8) a prime number?
True
Let d = 6 + -6. Suppose 0 = -3*n - 3*q + 246, 3*n - 2*n + 3*q - 92 = d. Is n prime?
False
Let y(s) = 19*s**2 - 9*s - 41. Is y(-16) prime?
True
Suppose -3*j = 4*v + 14, 0 = 3*v + 5*j + 10 + 6. Suppose 1171 + 2012 = -3*o. Is v/3 + o/(-3) a composite number?
False
Suppose 4*j = 6 + 2. Suppose -x + 24 = b - 0*b, -3*b - j*x = -69. Is b prime?
False
Is (1/(-16)*-13436)/(5/100) a composite number?
True
Let y(a) = 2*a**3 + 6*a**2 - 5*a + 6. Let p be y(-5). Suppose -3*t = -4*t - 5*m - 1143, 5*t - 4*m = -5744. Is t/6*p/46 a prime number?
False
Suppose -15*g = -9*g - 26886. Is g a composite number?
False
Let s(r) = -r**3 - 4*r**2 - 5. Let t be s(-4). Let w = t - -10. Suppose 1081 + 214 = w*l. Is l a prime number?
False
Suppose 0 = 3*j - u - 9801 - 4781, 4*j = -u + 19445. Is j prime?
True
Let v(m) be the third derivative of 2*m**5/15 - m**4/12 - m**3/6 + 2*m**2. Let a(h) = -h**2 - 3*h + 9. Let o be a(2). Is v(o) a prime number?
False
Let w(q) = -q**3 - 8*q**2 - 7*q - 6. Let t be w(-7). Let n be (-32)/t*57/4. Suppose -i = -n - 139. Is i composite?
True
Suppose -3*y - 3 + 18 = 0. Suppose y*v + 3*m + 145 = -2*m, 0 = -5*v - m - 137. Is 531/v*6/(-2) a prime number?
True
Let m be (-23705)/(-22) + ((-1)/2 - 2). Let y(w) = 444*w**3 - w - 1. Let r be y(-1). Let b = r + m. Is b composite?
False
Let h(f) = 102*f**2 + 3*f + 3. Let v(i) = i - 1. Let c(k) = -h(k) + 2*v(k). Let o(p) be the first derivative of c(p). Is o(-1) a composite number?
True
Let o(s) be the first derivative of 19*s**4/4 - s**3 - 3*s**2/2 + 7*s - 3. Is o(4) composite?
False
Suppose 4*l + 3*h = 3*l + 93, -2*l + h + 151 = 0. Let i = l - 222. Is 1 - -2 - (2 + i) a prime number?
False
Suppose 0 = 4*u + 3*d - 7, -2*u - 4*d = 1 + 3. Suppose 3*a + 6634 = u*y, 0 = -0*a + 4*a + 8. Is y prime?
True
Let h be 1/(2/4*(5 - 4)). Suppose -h*y + 718 + 2344 = 0. Is y a prime number?
True
Suppose 11 + 1 = 4*l + 3*m, 0 = l + 5*m - 20. Let h(z) = -9*z + 9. Let y be h(-11). Is (-1 - l) + 2 + y composite?
False
Suppose 14 + 21 = 5*l. Suppose -2*z - 6195 = -l*z + 5*q, -4960 = -4*z + 2*q. Is z a composite number?
True
Suppose -7*g + 21085 = -48964. Is g prime?
True
Let g be (-18)/(1/14*-3). Let j = g + 19. Suppose 5*d - 498 = -j. Is d composite?
False
Suppose 2*t + 2*t = 1384. Suppose -4*f + 9*f - 5*l = 1755, -f + 2*l = -t. Let g = 621 - f. Is g composite?
True
Suppose 0 = i + 180 - 745. Is i composite?
True
Let c = 2096 - 825. Is c a prime number?
False
Let d = 455 + -118. Suppose -4*g - 3*h = 911, -6*h - 468 = 2*g - 2*h. Let x = d + g. Is x prime?
True
Let k = -176 - -66. Let q be 22/4 - k/(-44). Suppose 0 = q*c - x - 1261, -6*x + 2*x = 16. Is c composite?
False
Let v(r) = -2*r**2 + 7*r - 3. Let q(d) = d - 1. Let i(b) = 5*q(b) - v(b). Let u be i(-11). Suppose 3*h + u = 5*h. Is h a composite number?
False
Let f(g) = -3*g - 9. Let h be f(-4). Let l be (-93)/3*(44 + h). Let z = -570 - l. Is z a composite number?
False
Let s(c) = -22*c + 121. Is s(-28) composite?
True
Suppose 29*z + 326 = 31*z. Is z a prime number?
True
Let o = -34 - -28. Let q(t) = 9*t**2 + 2*t - 1. Is q(o) prime?
True
Suppose 8124 = o + 3008. Let b be (-3 - o/8)*4. Is b/(-70) + 2/7 composite?
False
Let u(q) = q**3 - 10*q**2 - 5*q - 14. Let x be u(19). Suppose 4*l - x = 4*m - 8*m, -5*m = 0. Is l composite?
True
Suppose 11*q - 6*q = 0. Suppose -4*p + 267 + 169 = q. Is p - 1/((-3)/6) a composite number?
True
Suppose 12*i - 30201 - 30867 = 0. Is i composite?
True
Suppose 3*v - 690 = -g + 651, -4*v - 6743 = -5*g. Is g prime?
False
Is (-230)/(-46) + 116*8 a composite number?
True
Is 6/(-8) + 1113826/56 prime?
True
Let u = -107 + 628. Is u composite?
False
Suppose 29 - 1 = 4*u. Let a(w) = 2*w - 3. Let g be a(u). Suppose g*r - 195 = 8*r. Is r prime?
False
Suppose -7*t + 4*t = -15. Suppose 2*i - 5331 = -t*z, 3472 = 4*z + 4*i - 788. Is z composite?
True
Let g(j) = 4*j - 8. Let v be g(3). Suppose -v*c + 609 = -235. Is c prime?
True
Suppose 4*f + 32 = 6*f. Let b(s) = s**2 - 15*s - 13. Let u be b(f). Suppose -a = -u*p + 1073, -6*p + 5*p + 3*a + 355 = 0. Is p a composite number?
True
Is 2/(-1 - 15055/(-15053)) composite?
False
Let d = 1322 - -1157. Is d prime?
False
Let r(j) = 3*j**2 - 4*j - 1. Let l be r(5). Suppose -3*m = 3*z - l, -3*z - m = -6*m - 78. Let o = z - 15. Is o a prime number?
False
Let j(u) = -5 + 79*u**3 + 83*u**3 - 4*u**2 - 3*u**3 + 10*u - 5*u. Is j(2) a composite number?
True
Let b(i) be the first derivative of 599*i**3/3 + i**2 + 2*i - 32. Is b(2) a prime number?
False
Suppose -44320 = -19*y + 36411. Is y a prime number?
False
Is 570196/132*(6 - 3) prime?
True
Suppose -2*u + 54 = -24. Let g = u - 28. Is g prime?
True
Let b(c) = 78*c**3 + 4*c**2 - 2*c - 1. Let m(p) = 3*p**2 + p. Let w be m(1). Suppose 0 = 3*q + 15, -w*j - 2*q = -5*q - 23. Is b(j) prime?
False
Let w = 3 + -3. Suppose -13*g = -3869 + 34. Suppose 2*r + g = b, -r = b - w*r - 301. Is b a composite number?
True
Is (-2)/((-32)/(-12)) + 485991/36 prime?
True
Let q = -6250 - -11927. Is q a prime number?
False
Let h = 44 + -44. Suppose h = u - 2*u + 541. Is u a prime number?
True
Let u(x) = 12*x**2 - 4*x + 11. Let l = -31 - -26. Is u(l) prime?
True
Suppose -1169 = -6*d - d. Let a = d - 59. Suppose t + a = 587. Is t a composite number?
False
Suppose 0 = -5*d + 3*d + 1084. Suppose -2*c = 6, 272 = -i + 3*c - 50. Let w = d + i. Is w a prime number?
True
Let i(n) = -n - 1. Let p(x) = x. Let f(u) = -i(u) + 2*p(u). Let z be f(-7). Is (-3068)/(-16) + 15/z composite?
False
Suppose 8*s - 7 = 7*s. Suppose -5*n - 5*k + 2475 = 0, 0 = -4*n + s*k - 2*k + 1962. Is n prime?
False
Let c(y) = -y**2 - 32*y - 5. Let l be c(-16). Is l*(-4)/8*8/(-4) a composite number?
False
Suppose -3*j + 14 = m, 2*j - 7 = -5*m + 11. Suppose 2*o = -2*c + 1278, 3*c = j*o - 870 - 1700. Is o composite?
False
Suppose -5*r = o - 3*o - 27, -5*r = o + 6. Let u = 12 + o. Let p(i) = 38*i**3 + 1. Is p(u) a composite number?
True
Let z(g) = -g**2 - 11*g + 2. Let c be z(-11). Suppose -679 = c*s - 1839. Is s/12 + (-2)/(-3) a prime number?
False
Let v be 2 - (-10)/(-8 + 3). Suppose v = 12*u - 191 - 1501. Is u a composite number?
True
Suppose -2*x = q - 17023, 44*q - 39*q - x - 85115 = 0. Is q prime?
False
Suppose -4*o + 5*d + 6599 = 0, 3*o - 2*d + 1599 = 6550. Is o a composite number?
True
Let l(d) be the second derivative of 53*d**5/60 - 5*d**4/24 + 7*d**3/6 - 11*d**2/2 + d. Let u(f) be the first derivative of l(f). Is u(4) prime?
False
Let m(h) = -28*h**3 - 3*h**2 - 2*h + 8. Suppose 0 = -u - 8 + 5. Is m(u) prime?
True
Let j(l) = -3*l + 2. Let s be (-12)/(-78) - (-212)/(-26). Let u be j(s). Suppose -h + 0*h + 12 = -3*t, t + u = 4*h. Is h prime?
False
Let j = 143 + -1179. Let v = 349 - j. Is v composite?
True
Let v(c) = 12*c**2 + 8*c - 5. Let h(u) = u - 1. Suppose -25 = 5*o - 0. Let j be h(o). Is v(j) composite?
False
Suppose -i - 15 = 5*l + 7, i + 2 = 0. Let q(t) = 46*t**2 + 16*t - 3. Is q(l) prime?
False
Let c(q) = q**2 + 11*q. Let n(u) = 2*u**2 + 22*u. Let o(a) = -5*c(a) + 3*n(a). Let r be o(-8). Is (232/r)/(2/(-18)) a prime number?
False
Is ((-6)/9)/(26/(-20085)) composite?
True
Suppose -411*f - 12383 = -418*f. Is f prime?
False
Let p(j) = -199*j - 170. Is p(-21) a composite number?
True
Suppose -3*k = -j - 2*j - 21864, 4*k - 29170 = -2*j. Is k prime?
False
Suppose 0 = 2*h + 449 - 3247. Is h a prime number?
True
Suppose 5*m + 2017 = 46632. Is m prime?
True
Suppose 2*q - 421 = -5*b, -4*q + 2*b + 548 = -306. Is q prime?
False
Let c be 32/50*5 + 8/10. Suppose -82 = c*f - 966. Is f a composi